{"id":2411,"date":"2023-05-12T11:19:07","date_gmt":"2023-05-12T09:19:07","guid":{"rendered":"http:\/\/art-pegas.com\/bratislava\/?page_id=2411"},"modified":"2025-04-26T10:47:18","modified_gmt":"2025-04-26T08:47:18","slug":"gratulujeme","status":"publish","type":"page","link":"https:\/\/art-pegas.com\/bratislava\/gratulujeme\/","title":{"rendered":"Gratulujeme"},"content":{"rendered":"<p>Dnes \u017eiaci z triedy pani u\u010dite\u013eky Niky Sidor \u2013 Artem Burch, Andrej Jur\u00edk a Yuriy Dudko \u2013 d\u00f4stojne reprezentovali na\u0161u \u0161kolu na Klav\u00edrnej s\u00fa\u0165a\u017enej prehliadke v Sl\u00e1dkovi\u010dove 2025, kde vo svojich kateg\u00f3ri\u00e1ch z\u00edskali bronzov\u00e9 p\u00e1sma. Gratulujeme!!!!<\/p>\n<p><span style=\"color: #000000;\"><img loading=\"lazy\" class=\"alignnone size-full wp-image-2869\" src=\"http:\/\/art-pegas.com\/bratislava\/wp-content\/uploads\/2025\/04\/IMG-20250425-WA0008.jpg\" alt=\"\" width=\"1536\" height=\"2048\" srcset=\"https:\/\/art-pegas.com\/bratislava\/wp-content\/uploads\/2025\/04\/IMG-20250425-WA0008.jpg 1536w, https:\/\/art-pegas.com\/bratislava\/wp-content\/uploads\/2025\/04\/IMG-20250425-WA0008-225x300.jpg 225w, https:\/\/art-pegas.com\/bratislava\/wp-content\/uploads\/2025\/04\/IMG-20250425-WA0008-768x1024.jpg 768w, https:\/\/art-pegas.com\/bratislava\/wp-content\/uploads\/2025\/04\/IMG-20250425-WA0008-1152x1536.jpg 1152w, https:\/\/art-pegas.com\/bratislava\/wp-content\/uploads\/2025\/04\/IMG-20250425-WA0008-1170x1560.jpg 1170w, https:\/\/art-pegas.com\/bratislava\/wp-content\/uploads\/2025\/04\/IMG-20250425-WA0008-370x493.jpg 370w, https:\/\/art-pegas.com\/bratislava\/wp-content\/uploads\/2025\/04\/IMG-20250425-WA0008-870x1160.jpg 870w, https:\/\/art-pegas.com\/bratislava\/wp-content\/uploads\/2025\/04\/IMG-20250425-WA0008-390x520.jpg 390w, https:\/\/art-pegas.com\/bratislava\/wp-content\/uploads\/2025\/04\/IMG-20250425-WA0008-300x400.jpg 300w, https:\/\/art-pegas.com\/bratislava\/wp-content\/uploads\/2025\/04\/IMG-20250425-WA0008-600x800.jpg 600w\" sizes=\"(max-width: 1536px) 100vw, 1536px\" \/><\/span><\/p>\n<p>&nbsp;<\/p>\n<p><span style=\"color: #000000;\">Gratulujeme na\u0161im \u0161tudentk\u00e1m: He\u010dkov\u00e1 Herm\u00edna, Micov\u010dinov\u00e1 Adela, Il\u010d\u00edkov\u00e1 Lilien M\u00e1ria, Federi\u010dov\u00e1 M\u00e1ria,<\/span><\/p>\n<p>ktor\u00e9 sa z\u00fa\u010dastnili celoslovensk\u00e9ho kola s\u00fa\u0165a\u017ee hudobnej n\u00e1uky &#8222;Hn\u00fa\u0161\u0165ansk\u00fd akord&#8220;.<\/p>\n<p>Ve\u013ek\u00e9 po\u010fakovanie patr\u00ed aj p. u\u010dite\u013eovi Vacul\u010diakovi, ktor\u00fd ich pripravoval na s\u00fa\u0165a\u017e.<\/p>\n<p><strong>E\u0161te raz ve\u013ek\u00e1 gratul\u00e1cia !!!!!<\/strong><\/p>\n<!-- default-view.php -->\n<div\n\tclass=\"ngg-galleryoverview default-view \"\n\tid=\"ngg-gallery-d99f19c9d57957e6fd79a69c66645ddc-1\">\n\n\t\t<!-- Thumbnails -->\n\t\t\t\t<div id=\"ngg-image-0\" class=\"ngg-gallery-thumbnail-box \" >\n\t\t\t\t        <div class=\"ngg-gallery-thumbnail\">\n            <a href=\"https:\/\/art-pegas.com\/bratislava\/wp-content\/gallery\/hnustansky-akord\/IMG_20250317_104106.jpg\"\n               title=\"\"\n               data-src=\"https:\/\/art-pegas.com\/bratislava\/wp-content\/gallery\/hnustansky-akord\/IMG_20250317_104106.jpg\"\n               data-thumbnail=\"https:\/\/art-pegas.com\/bratislava\/wp-content\/gallery\/hnustansky-akord\/thumbs\/thumbs_IMG_20250317_104106.jpg\"\n               data-image-id=\"266\"\n               data-title=\"IMG_20250317_104106\"\n               data-description=\"\"\n               data-image-slug=\"img_20250317_104106\"\n               class=\"ngg-simplelightbox\" rel=\"d99f19c9d57957e6fd79a69c66645ddc\">\n                <img\n                    title=\"IMG_20250317_104106\"\n                    alt=\"IMG_20250317_104106\"\n                    src=\"https:\/\/art-pegas.com\/bratislava\/wp-content\/gallery\/hnustansky-akord\/thumbs\/thumbs_IMG_20250317_104106.jpg\"\n                    width=\"240\"\n                    height=\"160\"\n                    style=\"max-width:100%;\"\n                \/>\n            <\/a>\n        <\/div>\n\t\t\t\t\t\t\t<\/div> \n\t\t\t\n\t\t\t\t<div id=\"ngg-image-1\" class=\"ngg-gallery-thumbnail-box \" >\n\t\t\t\t        <div class=\"ngg-gallery-thumbnail\">\n            <a href=\"https:\/\/art-pegas.com\/bratislava\/wp-content\/gallery\/hnustansky-akord\/IMG-20250317-WA0036.jpg\"\n               title=\"\"\n               data-src=\"https:\/\/art-pegas.com\/bratislava\/wp-content\/gallery\/hnustansky-akord\/IMG-20250317-WA0036.jpg\"\n               data-thumbnail=\"https:\/\/art-pegas.com\/bratislava\/wp-content\/gallery\/hnustansky-akord\/thumbs\/thumbs_IMG-20250317-WA0036.jpg\"\n               data-image-id=\"274\"\n               data-title=\"IMG-20250317-WA0036\"\n               data-description=\"\"\n               data-image-slug=\"img-20250317-wa0036\"\n               class=\"ngg-simplelightbox\" rel=\"d99f19c9d57957e6fd79a69c66645ddc\">\n                <img\n                    title=\"IMG-20250317-WA0036\"\n                    alt=\"IMG-20250317-WA0036\"\n                    src=\"https:\/\/art-pegas.com\/bratislava\/wp-content\/gallery\/hnustansky-akord\/thumbs\/thumbs_IMG-20250317-WA0036.jpg\"\n                    width=\"240\"\n                    height=\"160\"\n                    style=\"max-width:100%;\"\n                \/>\n            <\/a>\n        <\/div>\n\t\t\t\t\t\t\t<\/div> \n\t\t\t\n\t\t\t\t<div id=\"ngg-image-2\" class=\"ngg-gallery-thumbnail-box \" >\n\t\t\t\t        <div class=\"ngg-gallery-thumbnail\">\n            <a href=\"https:\/\/art-pegas.com\/bratislava\/wp-content\/gallery\/hnustansky-akord\/IMG-20250317-WA0006.jpg\"\n               title=\"\"\n               data-src=\"https:\/\/art-pegas.com\/bratislava\/wp-content\/gallery\/hnustansky-akord\/IMG-20250317-WA0006.jpg\"\n               data-thumbnail=\"https:\/\/art-pegas.com\/bratislava\/wp-content\/gallery\/hnustansky-akord\/thumbs\/thumbs_IMG-20250317-WA0006.jpg\"\n               data-image-id=\"273\"\n               data-title=\"IMG-20250317-WA0006\"\n               data-description=\"\"\n               data-image-slug=\"img-20250317-wa0006\"\n               class=\"ngg-simplelightbox\" rel=\"d99f19c9d57957e6fd79a69c66645ddc\">\n                <img\n                    title=\"IMG-20250317-WA0006\"\n                    alt=\"IMG-20250317-WA0006\"\n                    src=\"https:\/\/art-pegas.com\/bratislava\/wp-content\/gallery\/hnustansky-akord\/thumbs\/thumbs_IMG-20250317-WA0006.jpg\"\n                    width=\"240\"\n                    height=\"160\"\n                    style=\"max-width:100%;\"\n                \/>\n            <\/a>\n        <\/div>\n\t\t\t\t\t\t\t<\/div> \n\t\t\t\n\t\t\t\t<div id=\"ngg-image-3\" class=\"ngg-gallery-thumbnail-box \" >\n\t\t\t\t        <div class=\"ngg-gallery-thumbnail\">\n            <a href=\"https:\/\/art-pegas.com\/bratislava\/wp-content\/gallery\/hnustansky-akord\/IMG_20250317_124855.jpg\"\n               title=\"\"\n               data-src=\"https:\/\/art-pegas.com\/bratislava\/wp-content\/gallery\/hnustansky-akord\/IMG_20250317_124855.jpg\"\n               data-thumbnail=\"https:\/\/art-pegas.com\/bratislava\/wp-content\/gallery\/hnustansky-akord\/thumbs\/thumbs_IMG_20250317_124855.jpg\"\n               data-image-id=\"272\"\n               data-title=\"IMG_20250317_124855\"\n               data-description=\"\"\n               data-image-slug=\"img_20250317_124855\"\n               class=\"ngg-simplelightbox\" rel=\"d99f19c9d57957e6fd79a69c66645ddc\">\n                <img\n                    title=\"IMG_20250317_124855\"\n                    alt=\"IMG_20250317_124855\"\n                    src=\"https:\/\/art-pegas.com\/bratislava\/wp-content\/gallery\/hnustansky-akord\/thumbs\/thumbs_IMG_20250317_124855.jpg\"\n                    width=\"240\"\n                    height=\"160\"\n                    style=\"max-width:100%;\"\n                \/>\n            <\/a>\n        <\/div>\n\t\t\t\t\t\t\t<\/div> \n\t\t\t\n\t\t\t\t<div id=\"ngg-image-4\" class=\"ngg-gallery-thumbnail-box \" >\n\t\t\t\t        <div class=\"ngg-gallery-thumbnail\">\n            <a href=\"https:\/\/art-pegas.com\/bratislava\/wp-content\/gallery\/hnustansky-akord\/IMG_20250317_124801.jpg\"\n               title=\"\"\n               data-src=\"https:\/\/art-pegas.com\/bratislava\/wp-content\/gallery\/hnustansky-akord\/IMG_20250317_124801.jpg\"\n               data-thumbnail=\"https:\/\/art-pegas.com\/bratislava\/wp-content\/gallery\/hnustansky-akord\/thumbs\/thumbs_IMG_20250317_124801.jpg\"\n               data-image-id=\"271\"\n               data-title=\"IMG_20250317_124801\"\n               data-description=\"\"\n               data-image-slug=\"img_20250317_124801\"\n               class=\"ngg-simplelightbox\" rel=\"d99f19c9d57957e6fd79a69c66645ddc\">\n                <img\n                    title=\"IMG_20250317_124801\"\n                    alt=\"IMG_20250317_124801\"\n                    src=\"https:\/\/art-pegas.com\/bratislava\/wp-content\/gallery\/hnustansky-akord\/thumbs\/thumbs_IMG_20250317_124801.jpg\"\n                    width=\"240\"\n                    height=\"160\"\n                    style=\"max-width:100%;\"\n                \/>\n            <\/a>\n        <\/div>\n\t\t\t\t\t\t\t<\/div> \n\t\t\t\n\t\t\t\t<div id=\"ngg-image-5\" class=\"ngg-gallery-thumbnail-box \" >\n\t\t\t\t        <div class=\"ngg-gallery-thumbnail\">\n            <a href=\"https:\/\/art-pegas.com\/bratislava\/wp-content\/gallery\/hnustansky-akord\/IMG_20250317_124719.jpg\"\n               title=\"\"\n               data-src=\"https:\/\/art-pegas.com\/bratislava\/wp-content\/gallery\/hnustansky-akord\/IMG_20250317_124719.jpg\"\n               data-thumbnail=\"https:\/\/art-pegas.com\/bratislava\/wp-content\/gallery\/hnustansky-akord\/thumbs\/thumbs_IMG_20250317_124719.jpg\"\n               data-image-id=\"270\"\n               data-title=\"IMG_20250317_124719\"\n               data-description=\"\"\n               data-image-slug=\"img_20250317_124719\"\n               class=\"ngg-simplelightbox\" rel=\"d99f19c9d57957e6fd79a69c66645ddc\">\n                <img\n                    title=\"IMG_20250317_124719\"\n                    alt=\"IMG_20250317_124719\"\n                    src=\"https:\/\/art-pegas.com\/bratislava\/wp-content\/gallery\/hnustansky-akord\/thumbs\/thumbs_IMG_20250317_124719.jpg\"\n                    width=\"240\"\n                    height=\"160\"\n                    style=\"max-width:100%;\"\n                \/>\n            <\/a>\n        <\/div>\n\t\t\t\t\t\t\t<\/div> \n\t\t\t\n\t\t\t\t<div id=\"ngg-image-6\" class=\"ngg-gallery-thumbnail-box \" >\n\t\t\t\t        <div class=\"ngg-gallery-thumbnail\">\n            <a href=\"https:\/\/art-pegas.com\/bratislava\/wp-content\/gallery\/hnustansky-akord\/IMG_20250317_124641.jpg\"\n               title=\"\"\n               data-src=\"https:\/\/art-pegas.com\/bratislava\/wp-content\/gallery\/hnustansky-akord\/IMG_20250317_124641.jpg\"\n               data-thumbnail=\"https:\/\/art-pegas.com\/bratislava\/wp-content\/gallery\/hnustansky-akord\/thumbs\/thumbs_IMG_20250317_124641.jpg\"\n               data-image-id=\"269\"\n               data-title=\"IMG_20250317_124641\"\n               data-description=\"\"\n               data-image-slug=\"img_20250317_124641\"\n               class=\"ngg-simplelightbox\" rel=\"d99f19c9d57957e6fd79a69c66645ddc\">\n                <img\n                    title=\"IMG_20250317_124641\"\n                    alt=\"IMG_20250317_124641\"\n                    src=\"https:\/\/art-pegas.com\/bratislava\/wp-content\/gallery\/hnustansky-akord\/thumbs\/thumbs_IMG_20250317_124641.jpg\"\n                    width=\"240\"\n                    height=\"160\"\n                    style=\"max-width:100%;\"\n                \/>\n            <\/a>\n        <\/div>\n\t\t\t\t\t\t\t<\/div> \n\t\t\t\n\t\t\t\t<div id=\"ngg-image-7\" class=\"ngg-gallery-thumbnail-box \" >\n\t\t\t\t        <div class=\"ngg-gallery-thumbnail\">\n            <a href=\"https:\/\/art-pegas.com\/bratislava\/wp-content\/gallery\/hnustansky-akord\/IMG_20250317_124403.jpg\"\n               title=\"\"\n               data-src=\"https:\/\/art-pegas.com\/bratislava\/wp-content\/gallery\/hnustansky-akord\/IMG_20250317_124403.jpg\"\n               data-thumbnail=\"https:\/\/art-pegas.com\/bratislava\/wp-content\/gallery\/hnustansky-akord\/thumbs\/thumbs_IMG_20250317_124403.jpg\"\n               data-image-id=\"268\"\n               data-title=\"IMG_20250317_124403\"\n               data-description=\"\"\n               data-image-slug=\"img_20250317_124403\"\n               class=\"ngg-simplelightbox\" rel=\"d99f19c9d57957e6fd79a69c66645ddc\">\n                <img\n                    title=\"IMG_20250317_124403\"\n                    alt=\"IMG_20250317_124403\"\n                    src=\"https:\/\/art-pegas.com\/bratislava\/wp-content\/gallery\/hnustansky-akord\/thumbs\/thumbs_IMG_20250317_124403.jpg\"\n                    width=\"240\"\n                    height=\"160\"\n                    style=\"max-width:100%;\"\n                \/>\n            <\/a>\n        <\/div>\n\t\t\t\t\t\t\t<\/div> \n\t\t\t\n\t\t\t\t<div id=\"ngg-image-8\" class=\"ngg-gallery-thumbnail-box \" >\n\t\t\t\t        <div class=\"ngg-gallery-thumbnail\">\n            <a href=\"https:\/\/art-pegas.com\/bratislava\/wp-content\/gallery\/hnustansky-akord\/IMG_20250317_104429.jpg\"\n               title=\"\"\n               data-src=\"https:\/\/art-pegas.com\/bratislava\/wp-content\/gallery\/hnustansky-akord\/IMG_20250317_104429.jpg\"\n               data-thumbnail=\"https:\/\/art-pegas.com\/bratislava\/wp-content\/gallery\/hnustansky-akord\/thumbs\/thumbs_IMG_20250317_104429.jpg\"\n               data-image-id=\"267\"\n               data-title=\"IMG_20250317_104429\"\n               data-description=\"\"\n               data-image-slug=\"img_20250317_104429\"\n               class=\"ngg-simplelightbox\" rel=\"d99f19c9d57957e6fd79a69c66645ddc\">\n                <img\n                    title=\"IMG_20250317_104429\"\n                    alt=\"IMG_20250317_104429\"\n                    src=\"https:\/\/art-pegas.com\/bratislava\/wp-content\/gallery\/hnustansky-akord\/thumbs\/thumbs_IMG_20250317_104429.jpg\"\n                    width=\"240\"\n                    height=\"160\"\n                    style=\"max-width:100%;\"\n                \/>\n            <\/a>\n        <\/div>\n\t\t\t\t\t\t\t<\/div> \n\t\t\t\n\t\t\t\t<div id=\"ngg-image-9\" class=\"ngg-gallery-thumbnail-box \" >\n\t\t\t\t        <div class=\"ngg-gallery-thumbnail\">\n            <a href=\"https:\/\/art-pegas.com\/bratislava\/wp-content\/gallery\/hnustansky-akord\/1742302680586.jpg\"\n               title=\"\"\n               data-src=\"https:\/\/art-pegas.com\/bratislava\/wp-content\/gallery\/hnustansky-akord\/1742302680586.jpg\"\n               data-thumbnail=\"https:\/\/art-pegas.com\/bratislava\/wp-content\/gallery\/hnustansky-akord\/thumbs\/thumbs_1742302680586.jpg\"\n               data-image-id=\"257\"\n               data-title=\"1742302680586\"\n               data-description=\"\"\n               data-image-slug=\"1742302680586\"\n               class=\"ngg-simplelightbox\" rel=\"d99f19c9d57957e6fd79a69c66645ddc\">\n                <img\n                    title=\"1742302680586\"\n                    alt=\"1742302680586\"\n                    src=\"https:\/\/art-pegas.com\/bratislava\/wp-content\/gallery\/hnustansky-akord\/thumbs\/thumbs_1742302680586.jpg\"\n                    width=\"240\"\n                    height=\"160\"\n                    style=\"max-width:100%;\"\n                \/>\n            <\/a>\n        <\/div>\n\t\t\t\t\t\t\t<\/div> \n\t\t\t\n\t\t\t\t<div id=\"ngg-image-10\" class=\"ngg-gallery-thumbnail-box \" >\n\t\t\t\t        <div class=\"ngg-gallery-thumbnail\">\n            <a href=\"https:\/\/art-pegas.com\/bratislava\/wp-content\/gallery\/hnustansky-akord\/IMG_20250317_103452.jpg\"\n               title=\"\"\n               data-src=\"https:\/\/art-pegas.com\/bratislava\/wp-content\/gallery\/hnustansky-akord\/IMG_20250317_103452.jpg\"\n               data-thumbnail=\"https:\/\/art-pegas.com\/bratislava\/wp-content\/gallery\/hnustansky-akord\/thumbs\/thumbs_IMG_20250317_103452.jpg\"\n               data-image-id=\"265\"\n               data-title=\"IMG_20250317_103452\"\n               data-description=\"\"\n               data-image-slug=\"img_20250317_103452\"\n               class=\"ngg-simplelightbox\" rel=\"d99f19c9d57957e6fd79a69c66645ddc\">\n                <img\n                    title=\"IMG_20250317_103452\"\n                    alt=\"IMG_20250317_103452\"\n                    src=\"https:\/\/art-pegas.com\/bratislava\/wp-content\/gallery\/hnustansky-akord\/thumbs\/thumbs_IMG_20250317_103452.jpg\"\n                    width=\"240\"\n                    height=\"160\"\n                    style=\"max-width:100%;\"\n                \/>\n            <\/a>\n        <\/div>\n\t\t\t\t\t\t\t<\/div> \n\t\t\t\n\t\t\t\t<div id=\"ngg-image-11\" class=\"ngg-gallery-thumbnail-box \" >\n\t\t\t\t        <div class=\"ngg-gallery-thumbnail\">\n            <a href=\"https:\/\/art-pegas.com\/bratislava\/wp-content\/gallery\/hnustansky-akord\/IMG_20250317_085332.jpg\"\n               title=\"\"\n               data-src=\"https:\/\/art-pegas.com\/bratislava\/wp-content\/gallery\/hnustansky-akord\/IMG_20250317_085332.jpg\"\n               data-thumbnail=\"https:\/\/art-pegas.com\/bratislava\/wp-content\/gallery\/hnustansky-akord\/thumbs\/thumbs_IMG_20250317_085332.jpg\"\n               data-image-id=\"264\"\n               data-title=\"IMG_20250317_085332\"\n               data-description=\"\"\n               data-image-slug=\"img_20250317_085332\"\n               class=\"ngg-simplelightbox\" rel=\"d99f19c9d57957e6fd79a69c66645ddc\">\n                <img\n                    title=\"IMG_20250317_085332\"\n                    alt=\"IMG_20250317_085332\"\n                    src=\"https:\/\/art-pegas.com\/bratislava\/wp-content\/gallery\/hnustansky-akord\/thumbs\/thumbs_IMG_20250317_085332.jpg\"\n                    width=\"240\"\n                    height=\"160\"\n                    style=\"max-width:100%;\"\n                \/>\n            <\/a>\n        <\/div>\n\t\t\t\t\t\t\t<\/div> \n\t\t\t\n\t\t\t\t<div id=\"ngg-image-12\" class=\"ngg-gallery-thumbnail-box \" >\n\t\t\t\t        <div class=\"ngg-gallery-thumbnail\">\n            <a href=\"https:\/\/art-pegas.com\/bratislava\/wp-content\/gallery\/hnustansky-akord\/IMG_20250317_085114.jpg\"\n               title=\"\"\n               data-src=\"https:\/\/art-pegas.com\/bratislava\/wp-content\/gallery\/hnustansky-akord\/IMG_20250317_085114.jpg\"\n               data-thumbnail=\"https:\/\/art-pegas.com\/bratislava\/wp-content\/gallery\/hnustansky-akord\/thumbs\/thumbs_IMG_20250317_085114.jpg\"\n               data-image-id=\"263\"\n               data-title=\"IMG_20250317_085114\"\n               data-description=\"\"\n               data-image-slug=\"img_20250317_085114\"\n               class=\"ngg-simplelightbox\" rel=\"d99f19c9d57957e6fd79a69c66645ddc\">\n                <img\n                    title=\"IMG_20250317_085114\"\n                    alt=\"IMG_20250317_085114\"\n                    src=\"https:\/\/art-pegas.com\/bratislava\/wp-content\/gallery\/hnustansky-akord\/thumbs\/thumbs_IMG_20250317_085114.jpg\"\n                    width=\"240\"\n                    height=\"160\"\n                    style=\"max-width:100%;\"\n                \/>\n            <\/a>\n        <\/div>\n\t\t\t\t\t\t\t<\/div> \n\t\t\t\n\t\t\t\t<div id=\"ngg-image-13\" class=\"ngg-gallery-thumbnail-box \" >\n\t\t\t\t        <div class=\"ngg-gallery-thumbnail\">\n            <a href=\"https:\/\/art-pegas.com\/bratislava\/wp-content\/gallery\/hnustansky-akord\/IMG_20250317_083858.jpg\"\n               title=\"\"\n               data-src=\"https:\/\/art-pegas.com\/bratislava\/wp-content\/gallery\/hnustansky-akord\/IMG_20250317_083858.jpg\"\n               data-thumbnail=\"https:\/\/art-pegas.com\/bratislava\/wp-content\/gallery\/hnustansky-akord\/thumbs\/thumbs_IMG_20250317_083858.jpg\"\n               data-image-id=\"262\"\n               data-title=\"IMG_20250317_083858\"\n               data-description=\"\"\n               data-image-slug=\"img_20250317_083858\"\n               class=\"ngg-simplelightbox\" rel=\"d99f19c9d57957e6fd79a69c66645ddc\">\n                <img\n                    title=\"IMG_20250317_083858\"\n                    alt=\"IMG_20250317_083858\"\n                    src=\"https:\/\/art-pegas.com\/bratislava\/wp-content\/gallery\/hnustansky-akord\/thumbs\/thumbs_IMG_20250317_083858.jpg\"\n                    width=\"240\"\n                    height=\"160\"\n                    style=\"max-width:100%;\"\n                \/>\n            <\/a>\n        <\/div>\n\t\t\t\t\t\t\t<\/div> \n\t\t\t\n\t\t\t\t<div id=\"ngg-image-14\" class=\"ngg-gallery-thumbnail-box \" >\n\t\t\t\t        <div class=\"ngg-gallery-thumbnail\">\n            <a href=\"https:\/\/art-pegas.com\/bratislava\/wp-content\/gallery\/hnustansky-akord\/IMG_20250317_083616.jpg\"\n               title=\"\"\n               data-src=\"https:\/\/art-pegas.com\/bratislava\/wp-content\/gallery\/hnustansky-akord\/IMG_20250317_083616.jpg\"\n               data-thumbnail=\"https:\/\/art-pegas.com\/bratislava\/wp-content\/gallery\/hnustansky-akord\/thumbs\/thumbs_IMG_20250317_083616.jpg\"\n               data-image-id=\"261\"\n               data-title=\"IMG_20250317_083616\"\n               data-description=\"\"\n               data-image-slug=\"img_20250317_083616\"\n               class=\"ngg-simplelightbox\" rel=\"d99f19c9d57957e6fd79a69c66645ddc\">\n                <img\n                    title=\"IMG_20250317_083616\"\n                    alt=\"IMG_20250317_083616\"\n                    src=\"https:\/\/art-pegas.com\/bratislava\/wp-content\/gallery\/hnustansky-akord\/thumbs\/thumbs_IMG_20250317_083616.jpg\"\n                    width=\"240\"\n                    height=\"160\"\n                    style=\"max-width:100%;\"\n                \/>\n            <\/a>\n        <\/div>\n\t\t\t\t\t\t\t<\/div> \n\t\t\t\n\t\t\t\t<div id=\"ngg-image-15\" class=\"ngg-gallery-thumbnail-box \" >\n\t\t\t\t        <div class=\"ngg-gallery-thumbnail\">\n            <a href=\"https:\/\/art-pegas.com\/bratislava\/wp-content\/gallery\/hnustansky-akord\/1742302680603.jpg\"\n               title=\"\"\n               data-src=\"https:\/\/art-pegas.com\/bratislava\/wp-content\/gallery\/hnustansky-akord\/1742302680603.jpg\"\n               data-thumbnail=\"https:\/\/art-pegas.com\/bratislava\/wp-content\/gallery\/hnustansky-akord\/thumbs\/thumbs_1742302680603.jpg\"\n               data-image-id=\"260\"\n               data-title=\"1742302680603\"\n               data-description=\"\"\n               data-image-slug=\"1742302680603\"\n               class=\"ngg-simplelightbox\" rel=\"d99f19c9d57957e6fd79a69c66645ddc\">\n                <img\n                    title=\"1742302680603\"\n                    alt=\"1742302680603\"\n                    src=\"https:\/\/art-pegas.com\/bratislava\/wp-content\/gallery\/hnustansky-akord\/thumbs\/thumbs_1742302680603.jpg\"\n                    width=\"240\"\n                    height=\"160\"\n                    style=\"max-width:100%;\"\n                \/>\n            <\/a>\n        <\/div>\n\t\t\t\t\t\t\t<\/div> \n\t\t\t\n\t\t\t\t<div id=\"ngg-image-16\" class=\"ngg-gallery-thumbnail-box \" >\n\t\t\t\t        <div class=\"ngg-gallery-thumbnail\">\n            <a href=\"https:\/\/art-pegas.com\/bratislava\/wp-content\/gallery\/hnustansky-akord\/1742302680598.jpg\"\n               title=\"\"\n               data-src=\"https:\/\/art-pegas.com\/bratislava\/wp-content\/gallery\/hnustansky-akord\/1742302680598.jpg\"\n               data-thumbnail=\"https:\/\/art-pegas.com\/bratislava\/wp-content\/gallery\/hnustansky-akord\/thumbs\/thumbs_1742302680598.jpg\"\n               data-image-id=\"259\"\n               data-title=\"1742302680598\"\n               data-description=\"\"\n               data-image-slug=\"1742302680598\"\n               class=\"ngg-simplelightbox\" rel=\"d99f19c9d57957e6fd79a69c66645ddc\">\n                <img\n                    title=\"1742302680598\"\n                    alt=\"1742302680598\"\n                    src=\"https:\/\/art-pegas.com\/bratislava\/wp-content\/gallery\/hnustansky-akord\/thumbs\/thumbs_1742302680598.jpg\"\n                    width=\"240\"\n                    height=\"160\"\n                    style=\"max-width:100%;\"\n                \/>\n            <\/a>\n        <\/div>\n\t\t\t\t\t\t\t<\/div> \n\t\t\t\n\t\t\t\t<div id=\"ngg-image-17\" class=\"ngg-gallery-thumbnail-box \" >\n\t\t\t\t        <div class=\"ngg-gallery-thumbnail\">\n            <a href=\"https:\/\/art-pegas.com\/bratislava\/wp-content\/gallery\/hnustansky-akord\/1742302680592.jpg\"\n               title=\"\"\n               data-src=\"https:\/\/art-pegas.com\/bratislava\/wp-content\/gallery\/hnustansky-akord\/1742302680592.jpg\"\n               data-thumbnail=\"https:\/\/art-pegas.com\/bratislava\/wp-content\/gallery\/hnustansky-akord\/thumbs\/thumbs_1742302680592.jpg\"\n               data-image-id=\"258\"\n               data-title=\"1742302680592\"\n               data-description=\"\"\n               data-image-slug=\"1742302680592\"\n               class=\"ngg-simplelightbox\" rel=\"d99f19c9d57957e6fd79a69c66645ddc\">\n                <img\n                    title=\"1742302680592\"\n                    alt=\"1742302680592\"\n                    src=\"https:\/\/art-pegas.com\/bratislava\/wp-content\/gallery\/hnustansky-akord\/thumbs\/thumbs_1742302680592.jpg\"\n                    width=\"240\"\n                    height=\"160\"\n                    style=\"max-width:100%;\"\n                \/>\n            <\/a>\n        <\/div>\n\t\t\t\t\t\t\t<\/div> \n\t\t\t\n\t\n\t<br style=\"clear: both\" \/>\n\n\t\n\t\t<!-- Pagination -->\n\t<div class='ngg-clear'><\/div>\t<\/div>\n\n","protected":false},"excerpt":{"rendered":"<p>Dnes \u017eiaci z triedy pani u\u010dite\u013eky Niky Sidor \u2013 Artem Burch, Andrej Jur\u00edk a Yuriy Dudko \u2013 d\u00f4stojne reprezentovali na\u0161u \u0161kolu na Klav\u00edrnej s\u00fa\u0165a\u017enej prehliadke v Sl\u00e1dkovi\u010dove 2025, kde vo [&hellip;]<\/p>\n","protected":false},"author":1,"featured_media":0,"parent":0,"menu_order":0,"comment_status":"closed","ping_status":"closed","template":"","meta":{"ngg_post_thumbnail":0,"_links_to":"","_links_to_target":""},"_links":{"self":[{"href":"https:\/\/art-pegas.com\/bratislava\/wp-json\/wp\/v2\/pages\/2411"}],"collection":[{"href":"https:\/\/art-pegas.com\/bratislava\/wp-json\/wp\/v2\/pages"}],"about":[{"href":"https:\/\/art-pegas.com\/bratislava\/wp-json\/wp\/v2\/types\/page"}],"author":[{"embeddable":true,"href":"https:\/\/art-pegas.com\/bratislava\/wp-json\/wp\/v2\/users\/1"}],"replies":[{"embeddable":true,"href":"https:\/\/art-pegas.com\/bratislava\/wp-json\/wp\/v2\/comments?post=2411"}],"version-history":[{"count":7,"href":"https:\/\/art-pegas.com\/bratislava\/wp-json\/wp\/v2\/pages\/2411\/revisions"}],"predecessor-version":[{"id":2871,"href":"https:\/\/art-pegas.com\/bratislava\/wp-json\/wp\/v2\/pages\/2411\/revisions\/2871"}],"wp:attachment":[{"href":"https:\/\/art-pegas.com\/bratislava\/wp-json\/wp\/v2\/media?parent=2411"}],"curies":[{"name":"wp","href":"https:\/\/api.w.org\/{rel}","templated":true}]}}