{"id":2853,"date":"2025-03-23T12:32:48","date_gmt":"2025-03-23T11:32:48","guid":{"rendered":"http:\/\/art-pegas.com\/bratislava\/?page_id=2853"},"modified":"2025-05-10T14:26:54","modified_gmt":"2025-05-10T12:26:54","slug":"vyhlasenie-celoslovenskej-vytvarnej-sutaze-2025","status":"publish","type":"page","link":"https:\/\/art-pegas.com\/bratislava\/vyhlasenie-celoslovenskej-vytvarnej-sutaze-2025\/","title":{"rendered":"Vyhodnotenie v\u00fdtvarnej s\u00fa\u0165a\u017ee &#8222;Dotyk hviezd&#8220;"},"content":{"rendered":"<div>\n<p>6. m\u00e1ja 2025 sa uskuto\u010dnilo vyhodnotenie 9. ro\u010dn\u00edka medzin\u00e1rodnej v\u00fdtvarnej s\u00fa\u0165a\u017ee s n\u00e1zvom \u201eDotyk hviezd\u201c. S\u00fa\u0165a\u017en\u00e9 pr\u00e1ce boli vyhodnoten\u00e9 a ocenen\u00e9 porotou. Vernis\u00e1\u017e pr\u00e1c sa uskuto\u010dnila v spolupr\u00e1ci s kur\u00e1torom Dr. J\u00e1nom Hu\u0148adym, taktie\u017e s vyu\u010duj\u00facou v\u00fdtvarn\u00e9ho odboru, Hanou Brenkusovou a pani riadite\u013ekou Vikt\u00f3riou Lacovou.<\/p>\n<div dir=\"auto\">\u010eakujeme za \u00fa\u010das\u0165 .<\/div>\n<\/div>\n<div dir=\"auto\">&nbsp;<\/div>\n<div><span style=\"color: #000000;\"><img loading=\"lazy\" class=\"alignnone  wp-image-2905\" src=\"http:\/\/art-pegas.com\/bratislava\/wp-content\/uploads\/2025\/05\/P1020259-scaled.jpg\" alt=\"\" width=\"1299\" height=\"975\" srcset=\"https:\/\/art-pegas.com\/bratislava\/wp-content\/uploads\/2025\/05\/P1020259-scaled.jpg 2560w, https:\/\/art-pegas.com\/bratislava\/wp-content\/uploads\/2025\/05\/P1020259-300x225.jpg 300w, https:\/\/art-pegas.com\/bratislava\/wp-content\/uploads\/2025\/05\/P1020259-1024x769.jpg 1024w, https:\/\/art-pegas.com\/bratislava\/wp-content\/uploads\/2025\/05\/P1020259-768x577.jpg 768w, https:\/\/art-pegas.com\/bratislava\/wp-content\/uploads\/2025\/05\/P1020259-1536x1153.jpg 1536w, https:\/\/art-pegas.com\/bratislava\/wp-content\/uploads\/2025\/05\/P1020259-2048x1538.jpg 2048w, https:\/\/art-pegas.com\/bratislava\/wp-content\/uploads\/2025\/05\/P1020259-1170x879.jpg 1170w, https:\/\/art-pegas.com\/bratislava\/wp-content\/uploads\/2025\/05\/P1020259-370x278.jpg 370w, https:\/\/art-pegas.com\/bratislava\/wp-content\/uploads\/2025\/05\/P1020259-870x653.jpg 870w, https:\/\/art-pegas.com\/bratislava\/wp-content\/uploads\/2025\/05\/P1020259-390x293.jpg 390w, https:\/\/art-pegas.com\/bratislava\/wp-content\/uploads\/2025\/05\/P1020259-600x451.jpg 600w\" sizes=\"(max-width: 1299px) 100vw, 1299px\" \/>&nbsp;<\/span><\/div>\n<p><img loading=\"lazy\" class=\"alignnone  wp-image-2904\" src=\"http:\/\/art-pegas.com\/bratislava\/wp-content\/uploads\/2025\/05\/P1020257-scaled.jpg\" alt=\"\" width=\"1307\" height=\"981\" srcset=\"https:\/\/art-pegas.com\/bratislava\/wp-content\/uploads\/2025\/05\/P1020257-scaled.jpg 2560w, https:\/\/art-pegas.com\/bratislava\/wp-content\/uploads\/2025\/05\/P1020257-300x225.jpg 300w, https:\/\/art-pegas.com\/bratislava\/wp-content\/uploads\/2025\/05\/P1020257-1024x769.jpg 1024w, https:\/\/art-pegas.com\/bratislava\/wp-content\/uploads\/2025\/05\/P1020257-768x577.jpg 768w, https:\/\/art-pegas.com\/bratislava\/wp-content\/uploads\/2025\/05\/P1020257-1536x1153.jpg 1536w, https:\/\/art-pegas.com\/bratislava\/wp-content\/uploads\/2025\/05\/P1020257-2048x1538.jpg 2048w, https:\/\/art-pegas.com\/bratislava\/wp-content\/uploads\/2025\/05\/P1020257-1170x879.jpg 1170w, https:\/\/art-pegas.com\/bratislava\/wp-content\/uploads\/2025\/05\/P1020257-370x278.jpg 370w, https:\/\/art-pegas.com\/bratislava\/wp-content\/uploads\/2025\/05\/P1020257-870x653.jpg 870w, https:\/\/art-pegas.com\/bratislava\/wp-content\/uploads\/2025\/05\/P1020257-390x293.jpg 390w, https:\/\/art-pegas.com\/bratislava\/wp-content\/uploads\/2025\/05\/P1020257-600x451.jpg 600w\" sizes=\"(max-width: 1307px) 100vw, 1307px\" \/><\/p>\n<hr>\n<div>&nbsp;<\/div>\n<div>\n<div>&nbsp;<\/div>\n<div>&nbsp;<\/div>\n<div>&nbsp;<\/div>\n<\/div>\n<hr>\n<p>&nbsp;<\/p>\n<h3>&nbsp;<\/h3>\n<h3>&nbsp;<\/h3>\n","protected":false},"excerpt":{"rendered":"<p>6. m\u00e1ja 2025 sa uskuto\u010dnilo vyhodnotenie 9. ro\u010dn\u00edka medzin\u00e1rodnej v\u00fdtvarnej s\u00fa\u0165a\u017ee s n\u00e1zvom \u201eDotyk hviezd\u201c. S\u00fa\u0165a\u017en\u00e9 pr\u00e1ce boli vyhodnoten\u00e9 a ocenen\u00e9 porotou. Vernis\u00e1\u017e pr\u00e1c sa uskuto\u010dnila v spolupr\u00e1ci s kur\u00e1torom [&hellip;]<\/p>\n","protected":false},"author":1,"featured_media":0,"parent":0,"menu_order":0,"comment_status":"open","ping_status":"open","template":"","meta":{"ngg_post_thumbnail":0,"_links_to":"","_links_to_target":""},"_links":{"self":[{"href":"https:\/\/art-pegas.com\/bratislava\/wp-json\/wp\/v2\/pages\/2853"}],"collection":[{"href":"https:\/\/art-pegas.com\/bratislava\/wp-json\/wp\/v2\/pages"}],"about":[{"href":"https:\/\/art-pegas.com\/bratislava\/wp-json\/wp\/v2\/types\/page"}],"author":[{"embeddable":true,"href":"https:\/\/art-pegas.com\/bratislava\/wp-json\/wp\/v2\/users\/1"}],"replies":[{"embeddable":true,"href":"https:\/\/art-pegas.com\/bratislava\/wp-json\/wp\/v2\/comments?post=2853"}],"version-history":[{"count":6,"href":"https:\/\/art-pegas.com\/bratislava\/wp-json\/wp\/v2\/pages\/2853\/revisions"}],"predecessor-version":[{"id":2906,"href":"https:\/\/art-pegas.com\/bratislava\/wp-json\/wp\/v2\/pages\/2853\/revisions\/2906"}],"wp:attachment":[{"href":"https:\/\/art-pegas.com\/bratislava\/wp-json\/wp\/v2\/media?parent=2853"}],"curies":[{"name":"wp","href":"https:\/\/api.w.org\/{rel}","templated":true}]}}

Vyhodnotenie výtvarnej súťaže &#8222;Dotyk hviezd&#8220;

<div>
<p>6. mája 2025 sa uskutočnilo vyhodnotenie 9. ročníka medzinárodnej výtvarnej súťaže s názvom „Dotyk hviezd“. Súťažné práce boli vyhodnotené a ocenené porotou. Vernisáž prác sa uskutočnila v spolupráci s kurátorom Dr. Jánom Huňadym, taktiež s vyučujúcou výtvarného odboru, Hanou Brenkusovou a pani riaditeľkou Viktóriou Lacovou.</p>
<div dir="auto">Ďakujeme za účasť .</div>
</div>
<div dir="auto">&nbsp;</div>
<div><span style="color: #000000;"><img loading="lazy" class="alignnone  wp-image-2905" src="http://art-pegas.com/bratislava/wp-content/uploads/2025/05/P1020259-scaled.jpg" alt="" width="1299" height="975" srcset="https://art-pegas.com/bratislava/wp-content/uploads/2025/05/P1020259-scaled.jpg 2560w, https://art-pegas.com/bratislava/wp-content/uploads/2025/05/P1020259-300x225.jpg 300w, https://art-pegas.com/bratislava/wp-content/uploads/2025/05/P1020259-1024x769.jpg 1024w, https://art-pegas.com/bratislava/wp-content/uploads/2025/05/P1020259-768x577.jpg 768w, https://art-pegas.com/bratislava/wp-content/uploads/2025/05/P1020259-1536x1153.jpg 1536w, https://art-pegas.com/bratislava/wp-content/uploads/2025/05/P1020259-2048x1538.jpg 2048w, https://art-pegas.com/bratislava/wp-content/uploads/2025/05/P1020259-1170x879.jpg 1170w, https://art-pegas.com/bratislava/wp-content/uploads/2025/05/P1020259-370x278.jpg 370w, https://art-pegas.com/bratislava/wp-content/uploads/2025/05/P1020259-870x653.jpg 870w, https://art-pegas.com/bratislava/wp-content/uploads/2025/05/P1020259-390x293.jpg 390w, https://art-pegas.com/bratislava/wp-content/uploads/2025/05/P1020259-600x451.jpg 600w" sizes="(max-width: 1299px) 100vw, 1299px" />&nbsp;</span></div>
<p><img loading="lazy" class="alignnone  wp-image-2904" src="http://art-pegas.com/bratislava/wp-content/uploads/2025/05/P1020257-scaled.jpg" alt="" width="1307" height="981" srcset="https://art-pegas.com/bratislava/wp-content/uploads/2025/05/P1020257-scaled.jpg 2560w, https://art-pegas.com/bratislava/wp-content/uploads/2025/05/P1020257-300x225.jpg 300w, https://art-pegas.com/bratislava/wp-content/uploads/2025/05/P1020257-1024x769.jpg 1024w, https://art-pegas.com/bratislava/wp-content/uploads/2025/05/P1020257-768x577.jpg 768w, https://art-pegas.com/bratislava/wp-content/uploads/2025/05/P1020257-1536x1153.jpg 1536w, https://art-pegas.com/bratislava/wp-content/uploads/2025/05/P1020257-2048x1538.jpg 2048w, https://art-pegas.com/bratislava/wp-content/uploads/2025/05/P1020257-1170x879.jpg 1170w, https://art-pegas.com/bratislava/wp-content/uploads/2025/05/P1020257-370x278.jpg 370w, https://art-pegas.com/bratislava/wp-content/uploads/2025/05/P1020257-870x653.jpg 870w, https://art-pegas.com/bratislava/wp-content/uploads/2025/05/P1020257-390x293.jpg 390w, https://art-pegas.com/bratislava/wp-content/uploads/2025/05/P1020257-600x451.jpg 600w" sizes="(max-width: 1307px) 100vw, 1307px" /></p>
<hr>
<div>&nbsp;</div>
<div>
<div>&nbsp;</div>
<div>&nbsp;</div>
<div>&nbsp;</div>
</div>
<hr>
<p>&nbsp;</p>
<h3>&nbsp;</h3>
<h3>&nbsp;</h3>

<p>6. mája 2025 sa uskutočnilo vyhodnotenie 9. ročníka medzinárodnej výtvarnej súťaže s názvom „Dotyk hviezd“. Súťažné práce boli vyhodnotené a ocenené porotou. Vernisáž prác sa uskutočnila v spolupráci s kurátorom [&hellip;]</p>
